5 - 4, -2*i = h - 46. Let r = i - 13. Let a = 103 + -73. Calculate the greatest common factor of a and r.
6
Suppose -2*g = 5*r - 27, 0 = -g - 7*r + 5*r + 14. What is the greatest common divisor of g and 416?
16
Let j = -284 - -354. What is the highest common divisor of j and 50?
10
Let p(d) = -3*d + 27. Let o be p(-6). Let t(f) = -f**2 - 7*f + 10. Let n be t(-8). Suppose -3*h + 15 = -n*h. Calculate the highest common divisor of h and o.
15
Let w = -334 - -401. Calculate the highest common factor of w and 3.
1
Let k(p) = -p + 10. Let l be k(7). Suppose m - 3*m = 4*v - 64, -5*v = l*m - 80. Calculate the highest common factor of v and 176.
16
Let r(b) = -12*b - 52. Let v be r(-5). What is the highest common divisor of 160 and v?
8
Suppose -4*f - 356 = -a, -f = 3*a - 0*f - 1016. Suppose -b = -x - 3*b + a, 4*b = -3*x + 1024. What is the highest common divisor of 43 and x?
43
Let b be 2*(39 + -57)/((-8)/38). What is the greatest common factor of b and 9?
9
Suppose -o - 2*g = 29 - 37, 3*g - 57 = -4*o. Calculate the highest common factor of o and 1.
1
Suppose -k - 2*j = -3*j + 5, -4*k = -3*j + 15. Let a be 19 + k - (2 - 3). What is the greatest common divisor of 100 and a?
20
Suppose -5*q - 8*g = -13*g - 150, -4*g = -q + 45. Calculate the greatest common divisor of q and 275.
25
Let w be 8 + -7 - 8 - -8. Calculate the highest common divisor of w and 71.
1
Let a = 2 - -7. Suppose -1 - a = -y. Suppose 0 = 5*s + y, 2*v + 3*s = 4*v - 160. Calculate the greatest common factor of 7 and v.
7
Let p(k) = -3*k**2 - 3*k - 2. Let j be p(-3). Suppose 2*n = -3*y + 11, 5*n - 5*y - 9 = -44. Let w be n - 4*j/8. What is the greatest common divisor of w and 24?
8
Let x be (-10)/(-4)*(12 - (-24)/(-6)). Calculate the greatest common factor of x and 140.
20
Suppose 357 = 20*y - 963. What is the greatest common factor of y and 330?
66
Let y(r) = -r**3 - 9*r**2 - 4*r - 13. Let l be y(-9). Let j = l - 16. What is the highest common divisor of 1 and j?
1
Suppose 0 = 9*l - 3*l - 324. Let s = 56 + 79. What is the greatest common divisor of l and s?
27
Let f(g) = -3*g - 30. Let r be f(-13). Let k be (3 - -3)/(r + -7). Suppose v + 102 = 4*b - 7, -2*v - 56 = -2*b. What is the greatest common factor of k and b?
3
Let j be -6*((-20)/(-6) - 4). Suppose 0 = j*t - 2*b - 94, 5*t - 3*b + 4*b = 107. What is the highest common divisor of t and 55?
11
Suppose -3 = -6*h + 3. Let i be 1/((-3)/6) - (-3 - h). Calculate the greatest common factor of i and 2.
2
Let p be (1/4)/(((-30)/80)/(-3)). Calculate the highest common divisor of p and 46.
2
Let h be 18*3/2 + 0 + -1. Let r = 17 + h. Calculate the greatest common factor of 86 and r.
43
Let t be -3 + 420/25 + 4/(-5). Calculate the greatest common divisor of t and 247.
13
Let c be (9/(-3) - -8) + 0. Suppose 0 = -4*w, 5*x - c*w - 45 = -0*w. Suppose -x*r + 85 = -4*r. What is the greatest common divisor of r and 85?
17
Let d(h) = 7*h**2 + 2*h + 1. Let o be (-9)/12 - 1/4. Let t be d(o). Calculate the highest common divisor of t and 3.
3
Let c = 165 - 164. Let a = -4 + 2. Let f = 4 + a. Calculate the highest common divisor of c and f.
1
Suppose -4*z = -w + 818, -11*z + 6*z = 4*w - 3314. Calculate the highest common factor of w and 14.
14
Let f be 3/5*-1 + (-98)/70. Let x be ((-14)/3)/(f/3). Suppose -4*p + 5*p - 14 = 0. What is the greatest common factor of x and p?
7
Let f(t) = -24*t + 30. Let s be f(1). Calculate the highest common factor of s and 24.
6
Suppose d = -0*d + 31. Let i(q) = -3*q**3 - 80*q**2 - 59*q - 27. Let p be i(-26). What is the highest common divisor of p and d?
31
Suppose -22*r - 5*l = -18*r - 709, 2*r + 3*l = 355. Calculate the greatest common factor of 112 and r.
16
Let n(g) = -22*g**2 + 1. Let h be n(-1). Suppose -276 + 51 = 5*w. Let z = h - w. Calculate the greatest common divisor of 72 and z.
24
Suppose 4*x + 4*u = -1 + 313, -4*u - 16 = 0. What is the highest common divisor of 615 and x?
41
Suppose -2*r + 2 = 0, -3*r + 16 = 3*k + 1. Suppose 4*f - 36 = k. Let h be 30/4*(-4)/(-2). Calculate the greatest common divisor of h and f.
5
Suppose 4*t + 4*m - 282 = -t, -2*m = -4*t + 210. Let q(p) = -p**2 - 5*p + 6. Let d be q(-5). What is the highest common factor of t and d?
6
Suppose -21*p + 23*p = 8. Let w = 52 + -44. Calculate the highest common divisor of w and p.
4
Suppose 89 + 1 = 5*f. Let c(b) = 3*b - 40. Let l be c(f). Let d be (0 - -29) + 6/(-6). Calculate the highest common factor of l and d.
14
Suppose 16 = -4*n, 2*s - 6*n = -n + 34. Suppose -3*k + s = a - k, a - 13 = -5*k. Suppose -a*z - 5 + 158 = 0. Calculate the highest common divisor of 17 and z.
17
Let s = 59 + -59. Suppose -m = -s*m - 4*l - 141, 2*m + 2*l - 262 = 0. What is the greatest common divisor of 19 and m?
19
Let x be 8 - (3 + -5 - 0). Calculate the highest common factor of 190 and x.
10
Suppose -50 = -5*q - 5. Let f(h) = -11*h - 66. Let w be f(-23). Let v = w - 124. Calculate the greatest common divisor of q and v.
9
Let k(n) = 25*n**2 + n - 1. Let g be k(1). Suppose 0 = -6*f + f + 190. Suppose 8 = -3*s + f. Calculate the greatest common factor of s and g.
5
Suppose 0 = -3*a + 5*h - 13, 2*a + 3*h = -0*a + 23. Suppose a*j = 307 + 13. Calculate the greatest common divisor of 120 and j.
40
Suppose -4*j = c - 140, 378 = 3*c - j - j. Calculate the greatest common divisor of c and 2.
2
Let i(o) = -9*o + 78. Let s be i(6). Calculate the highest common divisor of 8 and s.
8
Let t(b) = -b**2 + 11*b + 45. Let q be t(-3). Suppose -4*k + 37 = -23. Calculate the highest common divisor of q and k.
3
Let j(s) = s**2 + 16*s - 71. Let f be j(-23). Calculate the greatest common factor of f and 495.
45
Suppose 1201 + 3559 = 34*w. What is the greatest common factor of 20 and w?
20
Let a be (0 - 2)/(8/1028). Let q = 518 + a. What is the highest common factor of q and 29?
29
Let b = -1121 + 1142. Suppose -g = 3*g - 420. What is the greatest common divisor of g and b?
21
Let o be 1*(-9)/(-9) - -128. Calculate the highest common factor of o and 344.
43
Let n(q) = q**3 - 9*q**2 + 14*q - 39. Let d be n(12). Calculate the highest common factor of 51 and d.
51
Suppose -d + 20 = 4*a, 5*d - 3*a - 19 = 12. What is the highest common factor of 30 and d?
2
Let d be 130/14 + 4/(-14). Let s be (3/3)/(-1*(2 + -1)). Let h be (-8 - 1)*((-10 - s) + -2). Calculate the highest common divisor of h and d.
9
Let i be (7 + 3)*(4 + -2). Suppose -10*g = -14*g - i. Let r = 10 + g. Calculate the greatest common divisor of 25 and r.
5
Let u be ((-12)/(-3))/((-24)/(-18)). Calculate the highest common factor of u and 8.
1
Let a(i) = 2*i**3 - 2*i**2 - i. Let h be a(-1). Let c be h*(-7)/(21/9). Calculate the greatest common factor of 72 and c.
9
Let b be 34 - (11 - 7)/(-1 + 2). Suppose -29*w = -b*w + 187. Calculate the greatest common factor of 17 and w.
17
Suppose 1495 = 24*d - 1097. What is the highest common factor of 270 and d?
54
Suppose 346 = 18*g - 2102. Calculate the greatest common divisor of g and 17.
17
Suppose -t - 4*q = -22, -15 + 3 = -3*q. Let l = 8 - t. Let m be l*((-17)/(-2) + 0). Calculate the highest common divisor of m and 51.
17
Let u be 42/2*1425/399. What is the greatest common divisor of u and 400?
25
Let j be ((-10)/3)/(-10 - 3596/(-360)). What is the highest common divisor of j and 225?
75
Let q(b) = 4*b**2 + 3*b - 3. Let t be q(3). Suppose 3*o + 43 = -4*n + 114, -5*o - 2*n + 109 = 0. Calculate the highest common factor of o and t.
21
Let l be 4/22 + 2 + 388/44. Let r(y) = 5*y - 3*y + 18 - 45 + y. Let f be r(l). Calculate the highest common divisor of 12 and f.
6
Let p = -10232 + 10240. Let u = 241 - 367. Let n be 1 + (-1)/(2/u). Calculate the greatest common divisor of p and n.
8
Suppose 19*j + 1974 = 33*j. Calculate the greatest common factor of 376 and j.
47
Suppose -5*v - 2*n + 109 = -135, -5*v + n = -238. Let w be v/2 - (-2 - 0). Let k be (-12)/(3 + w/(-8)). What is the greatest common divisor of k and 32?
16
Let y = 140 - 60. Calculate the highest common factor of 130 and y.
10
Let c(t) = -t**3 + 6*t**2 - 2*t - 4. Let u(q) = q + 13. Let f be u(-10). Let b be c(f). Let g = -20 - -71. What is the highest common factor of b and g?
17
Suppose 2*y = -0*y - 10, 5*n + 45 = -5*y. Let j be (148/n + 3)*(-5)/2. What is the highest common divisor of 17 and j?
17
Let z(d) = -d - 13. Let y b